 0 = 3*s + 12, 2*n - s + 23 = 5*n. Let u be n/(-36) + 193/4. Calculate the highest common divisor of 16 and u.
16
Let t(o) = -3*o**2 - 5*o**3 + 1494 - 2994 + 1497. Suppose -4*g - g - c = 19, -g + 2*c + 5 = 0. Let q be t(g). Calculate the highest common divisor of q and 15.
15
Let r(q) be the second derivative of q**4/12 + 7*q**3/3 - 20*q**2 - 18*q. Let d be r(-18). What is the greatest common divisor of 16 and d?
16
Let g(n) = -n + 1. Let w = -11 - -17. Let m be g(w). Let y = 15 + m. Calculate the highest common divisor of y and 10.
10
Let i(m) = m**2 - 26*m + 42. Let c be i(24). Let z be (-16)/c*(-207)/(-92). Calculate the highest common factor of 6 and z.
6
Let r(m) = m**3 - 5*m**2 - 2*m + 3. Suppose -t - 4*t + 35 = -5*i, 0 = t + i - 5. Let b be r(t). What is the greatest common divisor of b and 18?
9
Suppose 11*j - 10*j - 17 = 0. Let o(v) = -v**3 + 17*v**2 + 2*v - 21. Let x be o(j). Calculate the greatest common divisor of x and 65.
13
Suppose 6837 = 34*q + 9*q. Calculate the greatest common divisor of 265 and q.
53
Let r(h) = 3*h + 84. Let q be r(18). Let s = q - -9. Calculate the greatest common divisor of 21 and s.
21
Let r = -2173 - -2180. Calculate the highest common factor of 2513 and r.
7
Let m(d) = d**3 - 9*d**2 + 2. Let h be m(9). Let y be 57 + 1*h/(-1). Suppose 3*i + y = 8*i. What is the highest common factor of 11 and i?
11
Let x be 2/10 - (-195)/25. Let k(c) = c**2 + 14*c - 19. Let v be k(-15). Let l be 2*v/x - -4. Calculate the highest common factor of 3 and l.
3
Suppose -3*t = 13*u - 10*u - 972, 299 = t - 4*u. What is the highest common divisor of 58 and t?
29
Let t = -52 - -50. Let i(f) = -58*f + 14. Let y be i(t). What is the highest common factor of 10 and y?
10
Let j(i) = 3*i - 4. Let o = -15 - -18. Let r be j(o). Let f be (2*r)/((-2)/(-4)). What is the greatest common divisor of f and 10?
10
Let c be (218 - 5 - -5) + 2. Suppose -720 = -5*o - c. Suppose 3*s = 2*s + 25. Calculate the highest common divisor of s and o.
25
Suppose 2*v = 3*v - 9. Let x be 6/v + 67/3. Calculate the greatest common divisor of x and 184.
23
Suppose -3*v + 12 = 3*n, 0 = -4*n - v + 3 + 1. Suppose -6*d + 10*d - 12 = n. Suppose 2*k - 109 = d. Calculate the highest common factor of 14 and k.
14
Let d be (-168)/36 + (-4)/(-6). Let u be 176/18 - (d/(-9))/(-2). Calculate the greatest common divisor of 80 and u.
10
Suppose -5308 = -51*i + 2036. Let c be -2 - (0 - (-40)/(-2)). What is the greatest common divisor of c and i?
18
Let c be (-34)/((-2)/(-24)*-3). Suppose 1272 = 8*y - c. Calculate the highest common factor of y and 22.
22
Let l(k) = k**3 + 14*k**2 - 34*k + 53. Let s be l(-16). Calculate the highest common factor of 51 and s.
17
Let p be ((-2)/5)/((-23)/460). Let x(h) = 7*h**2 + 6*h. Let s be x(-4). Calculate the greatest common factor of p and s.
8
Let p = -2674 + 2824. Suppose -a = -2 - 58. What is the highest common divisor of a and p?
30
Let f be ((-36)/(-32))/(-9) + (-1122)/(-16). What is the highest common divisor of f and 42?
14
Suppose t = -x + 65 - 10, 4*t = 4*x + 252. Let g = t - 53. What is the greatest common divisor of g and 9?
3
Let g = 43 - -54. Let r = g + 15. Calculate the greatest common divisor of 14 and r.
14
Suppose 0 = 7*d - 8*d + 49. Suppose -5*y = 3*v - d, -4*y + 0*v + 38 = 3*v. Calculate the greatest common factor of 121 and y.
11
Let h be (-6 - -262) + (1 - 3). Suppose -4*v - 3*d = -1073, 2*v + 4*d + h = 3*v. Let x be (-2)/4 - 154/(-4). What is the highest common divisor of v and x?
38
Suppose -2*m + 3*v + 36 = -34, 4*m + 2*v - 140 = 0. Suppose 0 = -33*t - 39*t + 2520. What is the highest common factor of m and t?
35
Suppose 1680 = 49*a - 1456. What is the highest common factor of 44 and a?
4
Let n be (4 + (-9)/2)*-48. What is the highest common factor of 108 and n?
12
Suppose -110 = -2*v - 38. What is the highest common divisor of 396 and v?
36
Suppose 48 = 4*j - 4*i, 5*j + 24 = -4*i + 111. Let h = 30 - -48. Let v = h - j. What is the greatest common divisor of 21 and v?
21
Suppose 10*y - 29*y + 9424 = 0. Calculate the highest common factor of 32 and y.
16
Suppose 0 = 3*g - 4*g - h - 2, 3*h + 15 = 0. Let i be 2/(-6)*(-1 - (1 - 2)). Suppose 3*a - g = -i*a. What is the highest common divisor of a and 9?
1
Suppose -2*p + 156 = 4*m + p, -168 = -5*m + 3*p. Let x(k) = -5*k - 1. Let u be x(-5). Calculate the highest common divisor of u and m.
12
Let q be 2*(-30)/(-24)*52/10. Calculate the greatest common factor of 169 and q.
13
Let r be 68*(-3 + 8)/10. Let z be 8/(-64) - r/(-16). What is the highest common factor of 5 and z?
1
Let c be -2*((-33)/(-132) + 183/(-4)). What is the highest common divisor of c and 26?
13
Let o(s) = s**2 - 2*s - 4. Let d be o(4). Suppose 4*v = -d*q + 1012, q = -0*q + 5*v + 247. What is the greatest common factor of 28 and q?
28
Suppose 3*u + 3 - 15 = -t, u - 4 = -5*t. Let a = -168 - -334. Suppose o - g + 11 = 54, u*o = 2*g + a. Calculate the greatest common factor of o and 4.
4
Let a(p) = -68*p - 83. Let v be a(-3). Calculate the highest common divisor of v and 143.
11
Let a = 23 + -15. Let y be (-2)/a + 171/12. Let o be -2 - (0 + -3 + -69). What is the greatest common factor of y and o?
14
Let l(q) = 22*q - 128. Let h be l(11). Calculate the greatest common factor of 76 and h.
38
Suppose -2*m - 4*l = -145 - 907, 3*m = 5*l + 1545. Calculate the highest common divisor of 195 and m.
65
Let o(h) = 11*h - 1. Let r be o(1). Let f be (2 - -2)*(13 + (-126)/12). Calculate the greatest common factor of f and r.
10
Let r be (-40)/(-14) + (-6)/(-42) - -1. Calculate the greatest common divisor of 52 and r.
4
Let u(v) be the first derivative of -v**4/4 + 3*v**3 + 11*v**2/2 - 81*v + 7. Let r be u(9). What is the greatest common divisor of 54 and r?
18
Let u(c) = c**2 + 14*c - 47. Let v be u(3). Calculate the highest common factor of 5 and v.
1
Let c(y) = 35*y - 473. Let g be c(14). Suppose -5*i = -4*t - 47, -3*i - 2*t + 27 = -4*t. Let r = 10 + i. Calculate the greatest common factor of g and r.
17
Suppose 0 = -x - 3, 6*x = -3*n + 3*x + 3. Let q = n - -3. Calculate the highest common divisor of q and 35.
7
Suppose -3*z + s - 8 + 33 = 0, 5*z = s + 41. Suppose -5*u + z = -2. Suppose u*r = 1 + 5, 2*r + 14 = 5*m. Calculate the greatest common factor of m and 1.
1
Suppose 63*c - 6825 = 50*c. Calculate the highest common factor of 21 and c.
21
Let u be 10/(14/7) + 46. What is the greatest common factor of 969 and u?
51
Let r(u) = -u**2 + 6*u - 5. Let a be r(4). Let o be a/(-9)*-3 - -47. Calculate the greatest common divisor of 72 and o.
24
Suppose 2*v + 5*i - 33 = 0, -3*i + 0 - 5 = -5*v. Suppose 6*s - 3*s - 73 = 5*m, -4*s + 108 = v*m. Calculate the greatest common divisor of s and 13.
13
Let z be (-5544)/(-143) - 36/(-156). Calculate the greatest common divisor of 611 and z.
13
Let i(v) = -v**3 - 6*v**2 - 4*v + 7. Let q be i(-5). Suppose 0 = -q*o + t + 47, 3*o + 6 = 4*o - 4*t. What is the highest common factor of o and 286?
26
Let b be (-130)/14 - (-4)/14. Let l be 10*(-4 + b/(-3)). Let u(t) = -t**2 - 10*t + 6. Let j be u(l). Calculate the highest common divisor of 48 and j.
6
Let b = -2 - -12. Suppose 0 = 15*u - b*u - 180. What is the greatest common factor of 4 and u?
4
Let o(f) = 3*f**2 + 42*f - 270. Let b be o(5). Calculate the greatest common divisor of b and 195.
15
Let t(z) = 2 - 4*z + 6*z - 5 + 0*z. Let l be t(11). Let d = l + -11. What is the greatest common divisor of 88 and d?
8
Suppose -2*s - 11*w + 16*w + 74 = 0, 2*s - 3*w - 66 = 0. What is the highest common factor of 1107 and s?
27
Let a(m) = m**3 + 7*m**2 + 3*m - 6. Let o be a(-6). Suppose p - o = 3*w, -3*p + 8 + 8 = w. Calculate the greatest common divisor of 6 and p.
6
Suppose -3*d + 2*g = -11, 2*g = 4*d - 1 - 11. Let w be (-1)/(-3)*-3*-7. Let n be 28/(-6)*(-12)/w. What is the highest common divisor of d and n?
1
Let a(l) = -l**3 - 9*l**2 + 17*l + 33. Let o be a(-11). What is the greatest common divisor of o and 24?
8
Suppose 0 = 4*t + t, -2*t - 24 = -2*q. Let l(i) = i + 12*i**2 - 5*i**2 - 8*i + i**3 + 4*i - 5. Let j be l(-5). What is the greatest common factor of j and q?
12
Suppose -14*h + 1461 - 551 = 0. What is the greatest common divisor of 52 and h?
13
Suppose 3*r = 8*i - 3*i - 30, -4*r - 12 = -2*i. Let u be i + 2/(-1) + -2. Suppose 2 = m, -m